{"id":1710,"date":"2015-04-21T15:19:59","date_gmt":"2015-04-21T18:19:59","guid":{"rendered":"https:\/\/editoralandmark.com.br\/v2.0\/?post_type=product&#038;p=1710"},"modified":"2024-03-27T14:41:41","modified_gmt":"2024-03-27T17:41:41","slug":"orgulho-e-preconceito-pride-and-prejudice-2","status":"publish","type":"product","link":"https:\/\/editoralandmark.com.br\/v2.0\/produto\/orgulho-e-preconceito-pride-and-prejudice-2\/","title":{"rendered":"ORGULHO E PRECONCEITO: PRIDE AND PREJUDICE"},"content":{"rendered":"<p>ORGULHO E PRECONCEITO: PRIDE AND PREJUDICE, considerado a obra-prima da escritora Jane Austen, foi publicado em 28 de janeiro de 1813, e transcende o preconceito causado pelas falsas primeiras impress\u00f5es e adentra na avalia\u00e7\u00e3o psicol\u00f3gica dos personagens, mostrando como o autoconhecimento, ou a falta dele, pode interferir nos julgamentos err\u00f4neos feitos com rela\u00e7\u00e3o \u00e0s outras pessoas. Jane Austen revela certas posturas das suas personagens em situa\u00e7\u00f5es cotidianas que, muitas vezes, causam momentos c\u00f4micos aos leitores, dando um car\u00e1ter mais leve e sat\u00edrico ao livro. As emo\u00e7\u00f5es e sentimentos devem ser decifrados por quem decidir mergulhar na obra, visto que se apresentam encobertos nas entrelinhas do texto. A escritora inglesa apresenta seu poder de expressar a discrimina\u00e7\u00e3o de maneira sutil e perspicaz em ORGULHO E PRECONCEITO: PRIDE AND PREJUDICE; capaz de transmitir mensagens complexas valendo-se de seu estilo a um tempo simples e espirituoso.<\/p>\n<p>O tema principal de ORGULHO E PRECONCEITO: PRIDE AND PREJUDICE \u00e9 contemplado logo na frase inicial, quando a autora menciona que um homem solteiro e possuidor de grande fortuna deve ser o desejo de uma esposa. Com esta cita\u00e7\u00e3o, Jane Austen faz tr\u00eas refer\u00eancias importantes: a autora declara que o foco da trama ser\u00e1 os relacionamentos e os casamentos, d\u00e1 um tom de humor \u00e0 obra ao falar de maneira inteligente acerca de um tema comum e prepara o leitor para ca\u00e7adas de jovens solteiros perseguindo pretendentes. O romance retrata a rela\u00e7\u00e3o entre a jovem Elizabeth Bennet (Lizzy) e o nobre Fitzwilliam Darcy na Inglaterra rural do s\u00e9culo XVIII. Lizzy possui outras quatro irm\u00e3s, nenhuma delas casadas, o que Mrs. Bennet, m\u00e3e de Lizzy, considera um absurdo.<\/p>\n<p>Considerado a obra-prima de Jane Austen, ORGULHO E PRECONCEITO: PRIDE AND PREJUDICE ganhou diversas vers\u00f5es para o cinema e televis\u00e3o, sendo a mais recente e aclamada a vers\u00e3o de 2005, com interpreta\u00e7\u00f5es de Keira Knightley e Matthew Macfadyen nos pap\u00e9is principais, que ilustra a capa desta edi\u00e7\u00e3o.<\/p>\n","protected":false},"excerpt":{"rendered":"<div class=\"col-sm-12 col-md-12 linha-livro\">\n<div class=\"col-sm-12 col-md-4 reducao-centro\"><span class=\"titulo-descritor\">AUTOR:\u00a0<\/span><a href=\"https:\/\/editoralandmark.com.br\/v2.0\/2022\/02\/20\/jane-austen-1775-1817\/\"><span class=\"descritor-livro\">JANE AUSTEN<\/span><\/a><\/div>\n<\/div>\n<div class=\"col-sm-12 col-md-12 linha-livro\">\n<div class=\"col-sm-12 col-md-4 reducao-centro\"><span class=\"titulo-descritor\">TRADU\u00c7\u00c3O E NOTAS:\u00a0<\/span><span class=\"descritor-livro\">MARCELLA FURTADO<\/span><\/div>\n<\/div>\n<div class=\"col-sm-12 col-md-12 linha-livro\">\n<div class=\"col-sm-12 col-md-4 reducao-centro\"><span class=\"titulo-descritor\">ADAPTA\u00c7\u00c3O:\u00a0<\/span><span class=\"descritor-livro\">***************<\/span><\/div>\n<\/div>\n<div class=\"col-sm-12 col-md-12 linha-livro\">\n<div class=\"col-sm-12 col-md-4 reducao-centro\"><span class=\"titulo-descritor\">ILUSTRADOR: <\/span><span class=\"descritor-livro\">***************<\/span><\/div>\n<\/div>\n<div class=\"col-sm-12 col-md-12 linha-livro\">\n<div class=\"col-sm-12 col-md-4 reducao-centro\"><span class=\"titulo-descritor\">IDIOMA:\u00a0<\/span><span class=\"descritor-livro\">PORTUGU\u00caS-INGL\u00caS<\/span><\/div>\n<\/div>\n<div class=\"col-sm-12 col-md-12 linha-livro\">\n<div class=\"col-sm-12 col-md-4 reducao-centro\"><span class=\"titulo-descritor\">LAN\u00c7AMENTO:\u00a0<\/span><span class=\"descritor-livro\">04\/2015<\/span><\/div>\n<\/div>\n<div class=\"col-sm-12 col-md-12 linha-livro\">\n<div class=\"col-sm-12 col-md-4 reducao-centro\"><span class=\"titulo-descritor\">ACABAMENTO:\u00a0<\/span><span class=\"descritor-livro\">EPUB<\/span><\/div>\n<\/div>\n<div class=\"col-sm-12 col-md-12 linha-livro\">\n<div class=\"col-sm-12 col-md-4 reducao-centro\"><span class=\"titulo-descritor\">FORMATO:\u00a0<\/span><span class=\"descritor-livro\">16CM X 23CM<\/span><\/div>\n<\/div>\n<div class=\"col-sm-12 col-md-12 linha-livro\">\n<div class=\"col-sm-12 col-md-4 reducao-centro\"><span class=\"titulo-descritor\">P\u00c1GINAS:\u00a0<\/span><span class=\"descritor-livro\">448<\/span><\/div>\n<\/div>\n<div class=\"col-sm-12 col-md-12 linha-livro\">\n<div class=\"col-sm-12 col-md-4 reducao-centro\"><span class=\"titulo-descritor\">PESO:\u00a0<\/span><span class=\"descritor-livro\">500 G<\/span><\/div>\n<\/div>\n<div class=\"col-sm-12 col-md-12 linha-livro\">\n<div class=\"col-sm-12 col-md-4 reducao-centro\"><span class=\"titulo-descritor\">ISBN: <\/span><span class=\"descritor-livro\">9788580700190<\/span><\/div>\n<\/div>\n<div class=\"col-sm-12 col-md-12 linha-livro\">\n<div class=\"col-sm-12 col-md-4 reducao-centro\"><span class=\"titulo-descritor\">ISBN DIGITAL: <\/span><span class=\"descritor-livro\">9788588781610<\/span><\/div>\n<\/div>\n","protected":false},"featured_media":1711,"template":"","meta":[],"product_brand":[],"product_cat":[18,21,30,33,36],"product_tag":[],"class_list":{"0":"post-1710","1":"product","2":"type-product","3":"status-publish","4":"has-post-thumbnail","6":"product_cat-classicos-mundiais","7":"product_cat-edicao-bilingue","8":"product_cat-literatura-inglesa","9":"product_cat-livro-digital","10":"product_cat-romance","11":"product_shipping_class-correios","12":"description-off","14":"first","15":"instock","16":"featured","17":"virtual","18":"purchasable","19":"product-type-simple"},"aioseo_notices":[],"_links":{"self":[{"href":"https:\/\/editoralandmark.com.br\/v2.0\/wp-json\/wp\/v2\/product\/1710","targetHints":{"allow":["GET"]}}],"collection":[{"href":"https:\/\/editoralandmark.com.br\/v2.0\/wp-json\/wp\/v2\/product"}],"about":[{"href":"https:\/\/editoralandmark.com.br\/v2.0\/wp-json\/wp\/v2\/types\/product"}],"wp:featuredmedia":[{"embeddable":true,"href":"https:\/\/editoralandmark.com.br\/v2.0\/wp-json\/wp\/v2\/media\/1711"}],"wp:attachment":[{"href":"https:\/\/editoralandmark.com.br\/v2.0\/wp-json\/wp\/v2\/media?parent=1710"}],"wp:term":[{"taxonomy":"product_brand","embeddable":true,"href":"https:\/\/editoralandmark.com.br\/v2.0\/wp-json\/wp\/v2\/product_brand?post=1710"},{"taxonomy":"product_cat","embeddable":true,"href":"https:\/\/editoralandmark.com.br\/v2.0\/wp-json\/wp\/v2\/product_cat?post=1710"},{"taxonomy":"product_tag","embeddable":true,"href":"https:\/\/editoralandmark.com.br\/v2.0\/wp-json\/wp\/v2\/product_tag?post=1710"}],"curies":[{"name":"wp","href":"https:\/\/api.w.org\/{rel}","templated":true}]}}