{"id":1716,"date":"2014-02-04T15:29:40","date_gmt":"2014-02-04T17:29:40","guid":{"rendered":"https:\/\/editoralandmark.com.br\/v2.0\/?post_type=product&#038;p=1716"},"modified":"2024-03-27T14:42:18","modified_gmt":"2024-03-27T17:42:18","slug":"da-terra-a-lua-de-la-terre-a-la-lune-2","status":"publish","type":"product","link":"https:\/\/editoralandmark.com.br\/v2.0\/produto\/da-terra-a-lua-de-la-terre-a-la-lune-2\/","title":{"rendered":"DA TERRA \u00c0 LUA: DE LA TERRE \u00c0 LA LUNE"},"content":{"rendered":"<p style=\"text-align: justify;\">A EDITORA LANDMARK resgata DA TERRA \u00c0 LUA: DE LA TERRE \u00c0 LA LUNE, uma das obras-primas de Jules Verne, em exclusiva edi\u00e7\u00e3o de luxo bil\u00edngue portugu\u00eas &#8211; franc\u00eas e apresentando as ilustra\u00e7\u00f5es originais de sua primeira edi\u00e7\u00e3o.<\/p>\n<p style=\"text-align: justify;\">Durante a guerra civil dos Estados Unidos da Am\u00e9rica, fundou-se na cidade de Baltimore, um novo clube privado, muito influente, em que uma condi\u00e7\u00e3o imprescind\u00edvel era imposta a todos aqueles que quisessem se filiar: ter criado ou pelo menos ter aperfei\u00e7oado uma arma de fogo. Este era o Clube do Canh\u00e3o! Entretanto, o \u00f3cio resultante da paz veio mergulhar os membros do clube do canh\u00e3o em uma lament\u00e1vel inatividade, chegando-se a ansiar pelo reatamento das hostilidades. Impunha-se definir um novo objetivo que permitisse novamente mobilizar o engenho e a paix\u00e3o dos membros do clube pelo desenvolvimento da bal\u00edstica. Assim sendo, o presidente do Clube do Canh\u00e3o, Barbicane, prop\u00f5e o seguinte projeto: utilizar todo o conhecimento \u00e0 disposi\u00e7\u00e3o para se construir um canh\u00e3o com poder e dimens\u00e3o suficientes para disparar um proj\u00e9til em dire\u00e7\u00e3o \u00e0 Lua! A proposta foi acolhida com clamores entusiastas e em completa euforia, n\u00e3o apenas no Clube, mas por todo o mundo!<\/p>\n<p style=\"text-align: justify;\">Depois de disparado, o proj\u00e9til quando se aproximava da lua, em vez de alunissar, entrou em \u00f3rbita do pr\u00f3prio sat\u00e9lite. Os seus tr\u00eas passageiros apenas tinham mantimentos para tr\u00eas meses, ficando a saga em aberto. Qual ser\u00e1 o destino desses tr\u00eas aventureiros? Teriam chegado com vida \u00e0 lua e como regressariam?<\/p>\n<p style=\"text-align: justify;\">Jules Verne acreditava na capacidade do homem de fazer o imposs\u00edvel e, ao longo da narrativa, apresenta seu otimismo para com a ci\u00eancia e sua cren\u00e7a no progresso da humanidade. Apresenta ainda essas caracter\u00edsticas como sendo intr\u00ednsecas aos norte-americanos e que a predisposi\u00e7\u00e3o dos habitantes daquela na\u00e7\u00e3o \u00e0 liberdade, praticidade, imagina\u00e7\u00e3o e determina\u00e7\u00e3o faziam dos estados unidos o lugar ideal para o desenvolvimento da ci\u00eancia.<\/p>\n","protected":false},"excerpt":{"rendered":"<p>AUTOR: <a href=\"https:\/\/editoralandmark.com.br\/v2.0\/2022\/02\/20\/jules-verne-1828-1905\/\">JULES VERNE<\/a><br \/>\nTRADU\u00c7\u00c3O E NOTAS: VERA SILVIA CAMARGO GUARNIERI<br \/>\nADAPTA\u00c7\u00c3O: ***************<br \/>\nILUSTRADOR: HENRI DE MONTAUT<br \/>\nIDIOMA : PORTUGU\u00caS-FRANC\u00caS<br \/>\nLAN\u00c7AMENTO: 02\/2014<br \/>\nACABAMENTO: EPUB<br \/>\nFORMATO: 16CM X 23CM<br \/>\nP\u00c1GINAS: 336<br \/>\nPESO: 410 G<br \/>\nISBN: 9788580700398<br \/>\nISBN DIGITAL: 9788580700381<\/p>\n","protected":false},"featured_media":1717,"template":"","meta":[],"product_brand":[],"product_cat":[18,21,23,29,33],"product_tag":[],"class_list":{"0":"post-1716","1":"product","2":"type-product","3":"status-publish","4":"has-post-thumbnail","6":"product_cat-classicos-mundiais","7":"product_cat-edicao-bilingue","8":"product_cat-ficcao-cientifica","9":"product_cat-literatura-francesa","10":"product_cat-livro-digital","11":"product_shipping_class-correios","12":"description-off","14":"first","15":"instock","16":"virtual","17":"purchasable","18":"product-type-simple"},"aioseo_notices":[],"_links":{"self":[{"href":"https:\/\/editoralandmark.com.br\/v2.0\/wp-json\/wp\/v2\/product\/1716","targetHints":{"allow":["GET"]}}],"collection":[{"href":"https:\/\/editoralandmark.com.br\/v2.0\/wp-json\/wp\/v2\/product"}],"about":[{"href":"https:\/\/editoralandmark.com.br\/v2.0\/wp-json\/wp\/v2\/types\/product"}],"wp:featuredmedia":[{"embeddable":true,"href":"https:\/\/editoralandmark.com.br\/v2.0\/wp-json\/wp\/v2\/media\/1717"}],"wp:attachment":[{"href":"https:\/\/editoralandmark.com.br\/v2.0\/wp-json\/wp\/v2\/media?parent=1716"}],"wp:term":[{"taxonomy":"product_brand","embeddable":true,"href":"https:\/\/editoralandmark.com.br\/v2.0\/wp-json\/wp\/v2\/product_brand?post=1716"},{"taxonomy":"product_cat","embeddable":true,"href":"https:\/\/editoralandmark.com.br\/v2.0\/wp-json\/wp\/v2\/product_cat?post=1716"},{"taxonomy":"product_tag","embeddable":true,"href":"https:\/\/editoralandmark.com.br\/v2.0\/wp-json\/wp\/v2\/product_tag?post=1716"}],"curies":[{"name":"wp","href":"https:\/\/api.w.org\/{rel}","templated":true}]}}