{"id":1880,"date":"2006-09-07T14:48:52","date_gmt":"2006-09-07T17:48:52","guid":{"rendered":"https:\/\/editoralandmark.com.br\/v2.0\/?post_type=product&#038;p=1880"},"modified":"2024-03-27T14:42:22","modified_gmt":"2024-03-27T17:42:22","slug":"as-cronicas-do-brasil-brazilian-sketchs-2","status":"publish","type":"product","link":"https:\/\/editoralandmark.com.br\/v2.0\/produto\/as-cronicas-do-brasil-brazilian-sketchs-2\/","title":{"rendered":"AS CR\u00d4NICAS DO BRASIL: BRAZILIAN SKETCHS"},"content":{"rendered":"<p style=\"text-align: justify;\">&#8220;As Cr\u00f4nicas do Brasil&#8221;, obra pouco conhecida do p\u00fablico brasileiro, \u00e9 uma das primeiras a apresentar tamb\u00e9m o texto completo desenvolvido por Kipling, em edi\u00e7\u00e3o bil\u00edngue. Publicadas inicialmente em sete artigos publicados no Morning Post entre 29 de novembro e 20 de dezembro de 1927, posteriormente foram reunidas nas &#8220;Edi\u00e7\u00f5es de Sussex&#8221;, \u00a0destinadas a colecionadores, cuja maioria das c\u00f3pias aparentemente foi destru\u00edda a Segunda Guerra Mundial. &#8220;As Cr\u00f4nicas do Brasil&#8221;\u00a0cont\u00e9m as v\u00edvidas, apuradas e intuitivas impress\u00f5es de Rudyard Kipling sobre o Brasil e o povo brasileiro. Este livro \u00e9 inevitavelmente um item de colecionador, mas tamb\u00e9m \u00e9 muito mais que isso: uma agrad\u00e1vel leitura e a chave para entendermos como o Brasil era visto e admirado pelos grandes escritores do s\u00e9culo XX.<\/p>\n<p>Em seus \u00faltimos anos de vida, Kipling sofria de graves problemas no aparelho digestivo e que eventualmente vir-lhe-iam matar alguns anos depois. Entre os anos de 1925 e 1927, seu m\u00e9dico, recomendou-lhe uma longa viagem de navio, e aproveitando a ocasi\u00e3o, Kipling vem realizar nesta viagem um grande sonho que j\u00e1 era conhecido deste a publica\u00e7\u00e3o de &#8220;Apenas Algumas Hist\u00f3rias&#8221;: conhecer as belas cidades do Brasil. A viagem desenrolou-se em cinco semanas de trabalho \u00e1rduo sob o clima tropical, da qual o presente volume trazido pela primeira vez ao p\u00fablico brasileiro pela Editora Landmark foi o seu resultado.<\/p>\n","protected":false},"excerpt":{"rendered":"<p>AUTOR: <a title=\"Rudyard Kipling \u2013 (1865-1936)\" href=\"https:\/\/editoralandmark.com.br\/v2.0\/2022\/01\/22\/rudyard-kipling-1865-1936\/\" target=\"_blank\" rel=\"noopener\">RUDYARD KIPLING<\/a><br \/>\nTRADU\u00c7\u00c3O E NOTAS: LUCIANA SALGADO<br \/>\nADAPTA\u00c7\u00c3O:\u00a0***************<br \/>\nILUSTRADOR:\u00a0***************<br \/>\nIDIOMA:\u00a0PORTUGU\u00caS-INGL\u00caS<br \/>\nLAN\u00c7AMENTO: 09\/2006<br \/>\nACABAMENTO: EPUB<br \/>\nFORMATO:\u00a016CM X 23CM<br \/>\nP\u00c1GINAS: 144<br \/>\nPESO: 250 G<br \/>\nISBN: 9788588781283<br \/>\nISBN DIGITAL: 9788588781733<\/p>\n","protected":false},"featured_media":1881,"template":"","meta":[],"product_brand":[],"product_cat":[18,21,22,30,33,34],"product_tag":[64],"class_list":{"0":"post-1880","1":"product","2":"type-product","3":"status-publish","4":"has-post-thumbnail","6":"product_cat-classicos-mundiais","7":"product_cat-edicao-bilingue","8":"product_cat-ensaios","9":"product_cat-literatura-inglesa","10":"product_cat-livro-digital","11":"product_cat-nao-ficcao","12":"product_tag-livros","13":"product_shipping_class-correios","14":"description-off","16":"first","17":"instock","18":"virtual","19":"purchasable","20":"product-type-simple"},"aioseo_notices":[],"_links":{"self":[{"href":"https:\/\/editoralandmark.com.br\/v2.0\/wp-json\/wp\/v2\/product\/1880","targetHints":{"allow":["GET"]}}],"collection":[{"href":"https:\/\/editoralandmark.com.br\/v2.0\/wp-json\/wp\/v2\/product"}],"about":[{"href":"https:\/\/editoralandmark.com.br\/v2.0\/wp-json\/wp\/v2\/types\/product"}],"wp:featuredmedia":[{"embeddable":true,"href":"https:\/\/editoralandmark.com.br\/v2.0\/wp-json\/wp\/v2\/media\/1881"}],"wp:attachment":[{"href":"https:\/\/editoralandmark.com.br\/v2.0\/wp-json\/wp\/v2\/media?parent=1880"}],"wp:term":[{"taxonomy":"product_brand","embeddable":true,"href":"https:\/\/editoralandmark.com.br\/v2.0\/wp-json\/wp\/v2\/product_brand?post=1880"},{"taxonomy":"product_cat","embeddable":true,"href":"https:\/\/editoralandmark.com.br\/v2.0\/wp-json\/wp\/v2\/product_cat?post=1880"},{"taxonomy":"product_tag","embeddable":true,"href":"https:\/\/editoralandmark.com.br\/v2.0\/wp-json\/wp\/v2\/product_tag?post=1880"}],"curies":[{"name":"wp","href":"https:\/\/api.w.org\/{rel}","templated":true}]}}