{"id":386,"date":"2010-11-22T14:54:16","date_gmt":"2010-11-22T16:54:16","guid":{"rendered":"https:\/\/editoralandmark.com.br\/v2.0\/?post_type=product&#038;p=386"},"modified":"2024-03-27T14:42:20","modified_gmt":"2024-03-27T17:42:20","slug":"o-retrato-do-sr-w-h-the-portrait-of-mr-w-h","status":"publish","type":"product","link":"https:\/\/editoralandmark.com.br\/v2.0\/produto\/o-retrato-do-sr-w-h-the-portrait-of-mr-w-h\/","title":{"rendered":"O RETRATO DO SR. W. H. &#8211; THE PORTRAIT OF MR. W. H."},"content":{"rendered":"<p>O RETRATO DO SR. W. H. \u00e9 uma hist\u00f3ria acerca da tentativa de se descobrir a identidade do Sr. W. H., o homenageado enigm\u00e1tico dos sonetos de Shakespeare.<\/p>\n<p>Em 1609, foi publicado a primeira edi\u00e7\u00e3o dos Sonetos de Shakespeare, apresentando a misteriosa dedicat\u00f3ria: &#8220;Para o Senhor W.H.&#8221; Desde ent\u00e3o, a identidade do senhor W. tem sido objeto de uma s\u00e9rie de teorias fascinantes \u2013 mas ningu\u00e9m foi t\u00e3o engenhoso quanto Oscar Wilde ao elaborar sua teoria no RETRATO DO SR. W. H. \u00c9 baseado em uma teoria, originada por Thomas Tyrwhitt, de que os sonetos foram dirigidos a Willie Hughes, retratado na hist\u00f3ria como um ator jovem da companhia de Shakespeare. A \u00fanica evid\u00eancia para esta teoria \u00e9 um conjunto de sonetos (como o Soneto 20), que fazem trocadilhos com as palavras &#8220;Will&#8221; e &#8220;Matizes&#8221;.<\/p>\n<p>No relato, o pesquisador da Universidade de Cambridge Cyril Graham passa os seus dias analisando as obras de Shakespeare e faz um descobrimento muito surpreendente: o Senhor W. H. a quem Shakespeare dedicou os seus sonetos n\u00e3o \u00e9 ningu\u00e9m menos do que Will Hughes, um dos atores de sua companhia. Como ningu\u00e9m compartilha de sua teoria, Graham passa a se valer de outros m\u00e9todos para convencer os seus pares, levando a uma s\u00e9rie de fatos misteriosos at\u00e9 um final surpreendente.<\/p>\n<p>Conhecido por seu estilo de vida extravagante e pouco ortodoxo, Oscar Wilde, um dos maiores escritores da l\u00edngua inglesa nesta obra demonstra toda sua genialidade e apresenta o estilo que o caracterizaria como um dos maiores intelectuais de todos os tempos.<\/p>\n","protected":false},"excerpt":{"rendered":"<p>AUTOR: <a title=\"Oscar Wilde \u2013 (1854-1900)\" href=\"https:\/\/editoralandmark.com.br\/v2.0\/2022\/01\/22\/oscar-wilde-1854-1900\/\" target=\"_blank\" rel=\"noopener\">OSCAR WILDE<\/a><br \/>\nTRADU\u00c7\u00c3O E NOTAS: LUCIANA SALGADO<br \/>\nADAPTA\u00c7\u00c3O: ***************<br \/>\nILUSTRADOR: ***************<br \/>\nIDIOMA: PORTUGU\u00caS-INGL\u00caS<br \/>\nLAN\u00c7AMENTO: 11\/2010<br \/>\nACABAMENTO: EPUB<br \/>\nFORMATO: 14CM X 21CM<br \/>\nP\u00c1GINAS: 128<br \/>\nPESO: 0 G<br \/>\nISBN: 9788588781504<br \/>\nISBN DIGITAL: 9788588781863<\/p>\n","protected":false},"featured_media":387,"template":"","meta":[],"product_brand":[],"product_cat":[18,19,21,30,33],"product_tag":[],"class_list":{"0":"post-386","1":"product","2":"type-product","3":"status-publish","4":"has-post-thumbnail","6":"product_cat-classicos-mundiais","7":"product_cat-contos","8":"product_cat-edicao-bilingue","9":"product_cat-literatura-inglesa","10":"product_cat-livro-digital","11":"product_shipping_class-correios","12":"description-off","14":"first","15":"instock","16":"virtual","17":"purchasable","18":"product-type-simple"},"aioseo_notices":[],"_links":{"self":[{"href":"https:\/\/editoralandmark.com.br\/v2.0\/wp-json\/wp\/v2\/product\/386","targetHints":{"allow":["GET"]}}],"collection":[{"href":"https:\/\/editoralandmark.com.br\/v2.0\/wp-json\/wp\/v2\/product"}],"about":[{"href":"https:\/\/editoralandmark.com.br\/v2.0\/wp-json\/wp\/v2\/types\/product"}],"wp:featuredmedia":[{"embeddable":true,"href":"https:\/\/editoralandmark.com.br\/v2.0\/wp-json\/wp\/v2\/media\/387"}],"wp:attachment":[{"href":"https:\/\/editoralandmark.com.br\/v2.0\/wp-json\/wp\/v2\/media?parent=386"}],"wp:term":[{"taxonomy":"product_brand","embeddable":true,"href":"https:\/\/editoralandmark.com.br\/v2.0\/wp-json\/wp\/v2\/product_brand?post=386"},{"taxonomy":"product_cat","embeddable":true,"href":"https:\/\/editoralandmark.com.br\/v2.0\/wp-json\/wp\/v2\/product_cat?post=386"},{"taxonomy":"product_tag","embeddable":true,"href":"https:\/\/editoralandmark.com.br\/v2.0\/wp-json\/wp\/v2\/product_tag?post=386"}],"curies":[{"name":"wp","href":"https:\/\/api.w.org\/{rel}","templated":true}]}}