{"id":425,"date":"2010-02-19T14:13:10","date_gmt":"2010-02-19T16:13:10","guid":{"rendered":"https:\/\/editoralandmark.com.br\/v2.0\/?post_type=product&#038;p=425"},"modified":"2024-03-27T14:42:21","modified_gmt":"2024-03-27T17:42:21","slug":"o-projeto-secreto-de-einstein","status":"publish","type":"product","link":"https:\/\/editoralandmark.com.br\/v2.0\/produto\/o-projeto-secreto-de-einstein\/","title":{"rendered":"O PROJETO SECRETO DE EINSTEIN"},"content":{"rendered":"<p>Em 1955, a Humanidade perdia um dos seus maiores g\u00eanios, o f\u00edsico Albert Einstein e, conforme as suas ordens expressas, foi cremado ap\u00f3s a sua morte e diz-se que junto a si tamb\u00e9m foram queimados um ou mais dos seus projetos, projetos estes para os quais considerava que a Humanidade ainda n\u00e3o estava preparada. Para aumentar as suspeitas, as suas cinzas foram colocadas em local desconhecido. Por que teria tomado decis\u00e3o t\u00e3o dr\u00e1stica?<\/p>\n<p>Em 1925, ao visitar o Brasil, Einstein, j\u00e1 prevendo a ascens\u00e3o do Nazismo na Europa, resolveu deixar com um amigo que imigrara da Alemanha anos antes um de seus pol\u00eamicos projetos. Tudo que se sabe em rela\u00e7\u00e3o a este projeto era que poderia permitir a constru\u00e7\u00e3o de uma arma que levaria mais carga a maiores dist\u00e2ncias. Einstein julgava que desta maneira, t\u00e3o longe dos acontecimentos, o seu projeto estaria a salvo. Isto funcionou bem por alguns anos, at\u00e9 1941, quando a Segunda Guerra Mundial envolveu todas as grandes pot\u00eancias do mundo, incluindo os Estados Unidos da Am\u00e9rica e as na\u00e7\u00f5es latino-americanas.\u00a0Os seus protagonistas, \u00e1vidos por novas tecnologias que poderiam alterar o curso da Guerra, est\u00e3o dispostos a tudo, mesmo um incr\u00edvel confronto entre agentes americanos e alem\u00e3es na ent\u00e3o capital federal brasileira, Rio de Janeiro, pela posse do projeto secreto de Einstein.<\/p>\n<p>Qual dos lados ficaria com aquele espetacular pr\u00eamio?<\/p>\n<p>Com a mesma velocidade dos alucinantes acontecimentos do \u00faltimo conflito mundial e repleta de suspense, O PROJETO SECRETO DE EINSTEIN aborda tamb\u00e9m, de maneira bastante acess\u00edvel, alguns aspectos muito interessantes das tecnologias utilizadas no conflito e que, de fato, mudariam o mundo para sempre.<\/p>\n","protected":false},"excerpt":{"rendered":"<p>AUTOR:<a title=\"Vitor Alexandre Chnee\" href=\"https:\/\/editoralandmark.com.br\/v2.0\/2022\/01\/22\/vitor-alexandre-chnee\/\" target=\"_blank\" rel=\"noopener\">VITOR ALEXANDRE CHNEE<\/a><br \/>\nTRADU\u00c7\u00c3O E NOTAS: ***************<br \/>\nADAPTA\u00c7\u00c3O: ***************<br \/>\nILUSTRADOR: ***************<br \/>\nIDIOMA: PORTUGU\u00caS<br \/>\nLAN\u00c7AMENTO: 01\/2010<br \/>\nACABAMENTO: BROCHURA<br \/>\nFORMATO: 16CM X 23CM<br \/>\nP\u00c1GINAS: 272<br \/>\nPESO: 315G<br \/>\nISBN: 9788588781247<\/p>\n","protected":false},"featured_media":426,"template":"","meta":[],"product_brand":[],"product_cat":[24,26],"product_tag":[],"class_list":{"0":"post-425","1":"product","2":"type-product","3":"status-publish","4":"has-post-thumbnail","6":"product_cat-ficcao-historica","7":"product_cat-literatura-brasileira","8":"product_shipping_class-correios","9":"description-off","11":"first","12":"outofstock","13":"shipping-taxable","14":"purchasable","15":"product-type-simple"},"aioseo_notices":[],"_links":{"self":[{"href":"https:\/\/editoralandmark.com.br\/v2.0\/wp-json\/wp\/v2\/product\/425","targetHints":{"allow":["GET"]}}],"collection":[{"href":"https:\/\/editoralandmark.com.br\/v2.0\/wp-json\/wp\/v2\/product"}],"about":[{"href":"https:\/\/editoralandmark.com.br\/v2.0\/wp-json\/wp\/v2\/types\/product"}],"wp:featuredmedia":[{"embeddable":true,"href":"https:\/\/editoralandmark.com.br\/v2.0\/wp-json\/wp\/v2\/media\/426"}],"wp:attachment":[{"href":"https:\/\/editoralandmark.com.br\/v2.0\/wp-json\/wp\/v2\/media?parent=425"}],"wp:term":[{"taxonomy":"product_brand","embeddable":true,"href":"https:\/\/editoralandmark.com.br\/v2.0\/wp-json\/wp\/v2\/product_brand?post=425"},{"taxonomy":"product_cat","embeddable":true,"href":"https:\/\/editoralandmark.com.br\/v2.0\/wp-json\/wp\/v2\/product_cat?post=425"},{"taxonomy":"product_tag","embeddable":true,"href":"https:\/\/editoralandmark.com.br\/v2.0\/wp-json\/wp\/v2\/product_tag?post=425"}],"curies":[{"name":"wp","href":"https:\/\/api.w.org\/{rel}","templated":true}]}}