{"id":428,"date":"2010-02-19T14:25:37","date_gmt":"2010-02-19T16:25:37","guid":{"rendered":"https:\/\/editoralandmark.com.br\/v2.0\/?post_type=product&#038;p=428"},"modified":"2024-03-27T14:42:21","modified_gmt":"2024-03-27T17:42:21","slug":"o-escotista-e-o-cla-pioneiro","status":"publish","type":"product","link":"https:\/\/editoralandmark.com.br\/v2.0\/produto\/o-escotista-e-o-cla-pioneiro\/","title":{"rendered":"O ESCOTISTA E O CL\u00c3 PIONEIRO"},"content":{"rendered":"<p>Neste livro o escotista Afonso Rodrigues de Aquino aborda, em linguagem acess\u00edvel, as quest\u00f5es pr\u00f3prias dos escoteiros que se encontram na faixa et\u00e1ria compreendida entre 18 e 21 anos. Os jovens que integram este Ramo Escoteiro s\u00e3o denominados de Pioneiros e se organizam sob a forma de Cl\u00e3s onde procuram cultuar as virtudes preconizadas na lenda inglesa dos Cavaleiros da T\u00e1vola Redonda, ou sejam: Verdade, Lealdade, Altru\u00edsmo, Fraternidade, Perfei\u00e7\u00e3o, Bondade, Consci\u00eancia, Felicidade, Efici\u00eancia e Pureza. Estes valores embasam a Miss\u00e3o e a Vis\u00e3o de um Cl\u00e3 Pioneiro, cujo lema \u00e9 Servir.<\/p>\n<p>O movimento escoteiro tem finalidade educativa e, neste aspecto, o autor busca com esta obra superar dificuldades inerentes ao pr\u00f3prio ensino b\u00e1sico de terceiro grau, junto \u00e0s escolas que fornecem tal aprendizado, buscando aliar o m\u00e9todo escoteiro com\u00a0 tem\u00e1ticas modernas que supram as necessidades intelectuais de uma juventude que vive o dil\u00favio da informa\u00e7\u00e3o.<\/p>\n<p>A cr\u00edtica sutil que perpassa toda a obra est\u00e1 calcada, em parte, na correspond\u00eancia que trocava sistematicamente com a categoria denominada Cl\u00e3 Pioneiro e no incentivo \u00e0 qualifica\u00e7\u00e3o cada vez maior dos respons\u00e1veis pela condu\u00e7\u00e3o desta, embora pequena, importante fra\u00e7\u00e3o de jovens do movimento escoteiro.<\/p>\n<p>O autor define a sua forma de atua\u00e7\u00e3o como chefe com as seguintes palavras: Gostar\u00edamos que todos entendessem que nosso trabalho n\u00e3o \u00e9 um curso de sobreviv\u00eancia nas circunst\u00e2ncias adversas do mundo moderno, mas uma tentativa de formar homens e mulheres felizes que de algum modo ir\u00e3o, em um futuro imediato, ajudar a melhorar este planeta, nem que seja somente pelos seus comportamentos exemplares.<\/p>\n","protected":false},"excerpt":{"rendered":"<p>AUTOR: <a title=\"Afonso Rodrigues de Aquino\" href=\"https:\/\/editoralandmark.com.br\/v2.0\/2022\/01\/22\/afonso-rodrigues-de-aquino\/\" target=\"_blank\" rel=\"noopener\">AFONSO RODRIGUES DE AQUINO<\/a><br \/>\nTRADU\u00c7\u00c3O E NOTAS:\u00a0***************<br \/>\nADAPTA\u00c7\u00c3O:\u00a0***************<br \/>\nILUSTRADOR:\u00a0***************<br \/>\nIDIOMA: PORTUGU\u00caS<br \/>\nLAN\u00c7AMENTO: 02\/2010<br \/>\nACABAMENTO: BROCHURA<br \/>\nFORMATO: 14CM X 21CM<br \/>\nP\u00c1GINAS: 126<br \/>\nPESO: 157 G<br \/>\nISBN: 9788588781207<\/p>\n","protected":false},"featured_media":429,"template":"","meta":[],"product_brand":[],"product_cat":[16,22,26,34],"product_tag":[],"class_list":{"0":"post-428","1":"product","2":"type-product","3":"status-publish","4":"has-post-thumbnail","6":"product_cat-livros","7":"product_cat-ensaios","8":"product_cat-literatura-brasileira","9":"product_cat-nao-ficcao","10":"product_shipping_class-correios","11":"description-off","13":"first","14":"outofstock","15":"shipping-taxable","16":"purchasable","17":"product-type-simple"},"aioseo_notices":[],"_links":{"self":[{"href":"https:\/\/editoralandmark.com.br\/v2.0\/wp-json\/wp\/v2\/product\/428","targetHints":{"allow":["GET"]}}],"collection":[{"href":"https:\/\/editoralandmark.com.br\/v2.0\/wp-json\/wp\/v2\/product"}],"about":[{"href":"https:\/\/editoralandmark.com.br\/v2.0\/wp-json\/wp\/v2\/types\/product"}],"wp:featuredmedia":[{"embeddable":true,"href":"https:\/\/editoralandmark.com.br\/v2.0\/wp-json\/wp\/v2\/media\/429"}],"wp:attachment":[{"href":"https:\/\/editoralandmark.com.br\/v2.0\/wp-json\/wp\/v2\/media?parent=428"}],"wp:term":[{"taxonomy":"product_brand","embeddable":true,"href":"https:\/\/editoralandmark.com.br\/v2.0\/wp-json\/wp\/v2\/product_brand?post=428"},{"taxonomy":"product_cat","embeddable":true,"href":"https:\/\/editoralandmark.com.br\/v2.0\/wp-json\/wp\/v2\/product_cat?post=428"},{"taxonomy":"product_tag","embeddable":true,"href":"https:\/\/editoralandmark.com.br\/v2.0\/wp-json\/wp\/v2\/product_tag?post=428"}],"curies":[{"name":"wp","href":"https:\/\/api.w.org\/{rel}","templated":true}]}}