{"id":465,"date":"2008-06-20T15:59:53","date_gmt":"2008-06-20T18:59:53","guid":{"rendered":"https:\/\/editoralandmark.com.br\/v2.0\/?post_type=product&#038;p=465"},"modified":"2024-03-27T14:42:22","modified_gmt":"2024-03-27T17:42:22","slug":"a-moradora-de-wildfell-hall-the-tenant-of-wildfell-hall","status":"publish","type":"product","link":"https:\/\/editoralandmark.com.br\/v2.0\/produto\/a-moradora-de-wildfell-hall-the-tenant-of-wildfell-hall\/","title":{"rendered":"A MORADORA DE WILDFELL HALL: THE TENANT OF WILDFELL HALL"},"content":{"rendered":"<p>A import\u00e2ncia do romance vai al\u00e9m das barreiras da literatura, a obra levanta a quest\u00e3o do papel da mulher em plena Inglaterra na Era Vitoriana. Helen apaixona-se por Arthur Huntingdon, vai contra a opini\u00e3o de sua fam\u00edlia e sofre as consequ\u00eancias de um casamento com um homem desregrado e infiel. Mesmo apoiada fervorosamente na religi\u00e3o, com o desejo de superar e corrigir os maus h\u00e1bitos de Arthur, Helen n\u00e3o obt\u00e9m \u00eaxito na tentativa de livrar o marido do \u00e1lcool e do ritmo justificado por ele como uma esp\u00e9cie de carpe diem. Com a ajuda de Frederick, irm\u00e3o de Helen, uma fuga \u00e9 arquitetada e Arthur abandonado. A protagonista consegue se estabelecer sob o anonimato em outra cidade, onde conhece algu\u00e9m que poder\u00e1 recompensar todo sofrimento e reconhecer a luta pelo destino.<\/p>\n<p>&#8220;A Moradora de Wildfell Hall&#8221; \u00e9 dividida em tr\u00eas partes, a primeira e a terceira s\u00e3o compostas por escritos dos personagens e a segunda parte l\u00ea-se o di\u00e1rio de Helen. Os atos moldam cada personagem, tornando a linguagem \u00e1gil e viva neste cl\u00e1ssico da literatura inglesa. O conflito entre puritanismo e liberdade que cercava a moral vitoriana \u00e9 refletido na trama que recebeu excelentes cr\u00edticas. Feminismo, luta pelo destino, novo posicionamento da mulher e religi\u00e3o s\u00e3o retratados por Anne, na Inglaterra do s\u00e9culo XIX, que assinou o romance com o pseud\u00f4nimo Acton Bell (bem como em outros pequenos trabalhos e poesias), pois al\u00e9m do conte\u00fado classificado como impr\u00f3prio para mulheres, n\u00e3o era apropriado ao g\u00eanero que escrevessem livros.<\/p>\n","protected":false},"excerpt":{"rendered":"<p>AUTOR: <a title=\"Anne Bront\u00eb \u2013 (1820-1849)\" href=\"https:\/\/editoralandmark.com.br\/v2.0\/2022\/01\/22\/anne-bronte-1820-1849\/\" target=\"_blank\" rel=\"noopener\">ANNE BRONT\u00cb<\/a><br \/>\nTRADU\u00c7\u00c3O E NOTAS: MARCELLA FURTADO<br \/>\nADAPTA\u00c7\u00c3O: ***************<br \/>\nILUSTRADOR: ***************<br \/>\nIDIOMA: PORTUGU\u00caS-INGL\u00caS<br \/>\nLAN\u00c7AMENTO: 06\/2008<br \/>\nACABAMENTO: EPUB<br \/>\nFORMATO: 16CM X 23CM<br \/>\nP\u00c1GINAS: 368<br \/>\nPESO: 0 G<br \/>\nISBN DIGITAL: 9788588781627<\/p>\n","protected":false},"featured_media":467,"template":"","meta":[],"product_brand":[],"product_cat":[18,21,30,33,36],"product_tag":[64],"class_list":{"0":"post-465","1":"product","2":"type-product","3":"status-publish","4":"has-post-thumbnail","6":"product_cat-classicos-mundiais","7":"product_cat-edicao-bilingue","8":"product_cat-literatura-inglesa","9":"product_cat-livro-digital","10":"product_cat-romance","11":"product_tag-livros","12":"product_shipping_class-correios","13":"description-off","15":"first","16":"instock","17":"virtual","18":"purchasable","19":"product-type-simple"},"aioseo_notices":[],"_links":{"self":[{"href":"https:\/\/editoralandmark.com.br\/v2.0\/wp-json\/wp\/v2\/product\/465","targetHints":{"allow":["GET"]}}],"collection":[{"href":"https:\/\/editoralandmark.com.br\/v2.0\/wp-json\/wp\/v2\/product"}],"about":[{"href":"https:\/\/editoralandmark.com.br\/v2.0\/wp-json\/wp\/v2\/types\/product"}],"wp:featuredmedia":[{"embeddable":true,"href":"https:\/\/editoralandmark.com.br\/v2.0\/wp-json\/wp\/v2\/media\/467"}],"wp:attachment":[{"href":"https:\/\/editoralandmark.com.br\/v2.0\/wp-json\/wp\/v2\/media?parent=465"}],"wp:term":[{"taxonomy":"product_brand","embeddable":true,"href":"https:\/\/editoralandmark.com.br\/v2.0\/wp-json\/wp\/v2\/product_brand?post=465"},{"taxonomy":"product_cat","embeddable":true,"href":"https:\/\/editoralandmark.com.br\/v2.0\/wp-json\/wp\/v2\/product_cat?post=465"},{"taxonomy":"product_tag","embeddable":true,"href":"https:\/\/editoralandmark.com.br\/v2.0\/wp-json\/wp\/v2\/product_tag?post=465"}],"curies":[{"name":"wp","href":"https:\/\/api.w.org\/{rel}","templated":true}]}}